{"id":168,"date":"2021-09-28T18:00:13","date_gmt":"2021-09-28T18:00:13","guid":{"rendered":"https:\/\/jalkahoitolamerja.fi\/?page_id=168"},"modified":"2022-05-12T06:04:21","modified_gmt":"2022-05-12T06:04:21","slug":"henkilokunta","status":"publish","type":"page","link":"https:\/\/jalkahoitolamerja.fi\/index.php\/henkilokunta\/","title":{"rendered":"HENKIL\u00d6KUNTA"},"content":{"rendered":"\n<div class=\"wp-block-image\"><figure class=\"aligncenter size-medium\"><img loading=\"lazy\" width=\"240\" height=\"300\" src=\"https:\/\/jalkahoitolamerja.fi\/wp-content\/uploads\/2021\/09\/kuvasomepieni_6493-240x300.jpg\" alt=\"\" class=\"wp-image-89\" srcset=\"https:\/\/jalkahoitolamerja.fi\/wp-content\/uploads\/2021\/09\/kuvasomepieni_6493-240x300.jpg 240w, https:\/\/jalkahoitolamerja.fi\/wp-content\/uploads\/2021\/09\/kuvasomepieni_6493.jpg 615w\" sizes=\"(max-width: 240px) 100vw, 240px\" \/><\/figure><\/div>\n\n\n\n<p class=\"has-text-align-center\">Olen Merja M\u00e4enp\u00e4\u00e4, terveysalan ammattitutkinnon suorittanut jalkojenhoitaja (AT) ja l\u00e4hihoitaja koulutukseltani. <br><br>Valviran alainen terveysalan ammattitutkinnon suorittanut jalkojenhoitaja hallitsee jalkojen iho- ja kynsisairauksien hoitoty\u00f6n, huomioon ottaen asiakkaan perussairaudet osana jalkojenhoito prosessia.  <br><br>Tarjoan yksil\u00f6llist\u00e4 jalkojenhoitoa, huomioiden aina asiakkaan perussairauden ja tarpeet. Lis\u00e4ksi teen jalkojen hierontaa ja virkist\u00e4vi\u00e4 hemmotteluhoitoja, jotka sopivat lahjaksi tai itsens\u00e4 hemmotteluun.<\/p>\n\n\n\n<p class=\"has-text-align-center\"><\/p>\n","protected":false},"excerpt":{"rendered":"<p>Olen Merja M\u00e4enp\u00e4\u00e4, terveysalan ammattitutkinnon suorittanut jalkojenhoitaja (AT) ja l\u00e4hihoitaja koulutukseltani. Valviran alainen terveysalan ammattitutkinnon suorittanut jalkojenhoitaja hallitsee jalkojen iho- ja kynsisairauksien hoitoty\u00f6n, huomioon ottaen asiakkaan perussairaudet osana jalkojenhoito prosessia. Tarjoan yksil\u00f6llist\u00e4 jalkojenhoitoa, huomioiden aina asiakkaan perussairauden ja tarpeet. Lis\u00e4ksi teen jalkojen hierontaa ja virkist\u00e4vi\u00e4 hemmotteluhoitoja, jotka sopivat lahjaksi tai itsens\u00e4 hemmotteluun.<\/p>\n","protected":false},"author":1,"featured_media":0,"parent":0,"menu_order":0,"comment_status":"closed","ping_status":"closed","template":"","meta":[],"yoast_head":"<!-- This site is optimized with the Yoast SEO plugin v17.2 - https:\/\/yoast.com\/wordpress\/plugins\/seo\/ -->\n<title>HENKIL\u00d6KUNTA - Jalkahoitola Merja M&auml;enp&auml;&auml;<\/title>\n<meta name=\"robots\" content=\"index, follow, max-snippet:-1, max-image-preview:large, max-video-preview:-1\" \/>\n<link rel=\"canonical\" href=\"https:\/\/jalkahoitolamerja.fi\/index.php\/henkilokunta\/\" \/>\n<meta property=\"og:locale\" content=\"fi_FI\" \/>\n<meta property=\"og:type\" content=\"article\" \/>\n<meta property=\"og:title\" content=\"HENKIL\u00d6KUNTA - Jalkahoitola Merja M&auml;enp&auml;&auml;\" \/>\n<meta property=\"og:description\" content=\"Olen Merja M\u00e4enp\u00e4\u00e4, terveysalan ammattitutkinnon suorittanut jalkojenhoitaja (AT) ja l\u00e4hihoitaja koulutukseltani. Valviran alainen terveysalan ammattitutkinnon suorittanut jalkojenhoitaja hallitsee jalkojen iho- ja kynsisairauksien hoitoty\u00f6n, huomioon ottaen asiakkaan perussairaudet osana jalkojenhoito prosessia. Tarjoan yksil\u00f6llist\u00e4 jalkojenhoitoa, huomioiden aina asiakkaan perussairauden ja tarpeet. Lis\u00e4ksi teen jalkojen hierontaa ja virkist\u00e4vi\u00e4 hemmotteluhoitoja, jotka sopivat lahjaksi tai itsens\u00e4 hemmotteluun.\" \/>\n<meta property=\"og:url\" content=\"https:\/\/jalkahoitolamerja.fi\/index.php\/henkilokunta\/\" \/>\n<meta property=\"og:site_name\" content=\"Jalkahoitola Merja M&auml;enp&auml;&auml;\" \/>\n<meta property=\"article:modified_time\" content=\"2022-05-12T06:04:21+00:00\" \/>\n<meta property=\"og:image\" content=\"https:\/\/jalkahoitolamerja.fi\/wp-content\/uploads\/2021\/09\/kuvasomepieni_6493-240x300.jpg\" \/>\n<meta name=\"twitter:card\" content=\"summary_large_image\" \/>\n<meta name=\"twitter:label1\" content=\"Arvioitu lukuaika\" \/>\n\t<meta name=\"twitter:data1\" content=\"1 minuutti\" \/>\n<script type=\"application\/ld+json\" class=\"yoast-schema-graph\">{\"@context\":\"https:\/\/schema.org\",\"@graph\":[{\"@type\":\"WebSite\",\"@id\":\"https:\/\/jalkahoitolamerja.fi\/#website\",\"url\":\"https:\/\/jalkahoitolamerja.fi\/\",\"name\":\"Jalkahoitola Merja M&auml;enp&auml;&auml;\",\"description\":\"\",\"potentialAction\":[{\"@type\":\"SearchAction\",\"target\":{\"@type\":\"EntryPoint\",\"urlTemplate\":\"https:\/\/jalkahoitolamerja.fi\/?s={search_term_string}\"},\"query-input\":\"required name=search_term_string\"}],\"inLanguage\":\"fi\"},{\"@type\":\"ImageObject\",\"@id\":\"https:\/\/jalkahoitolamerja.fi\/index.php\/henkilokunta\/#primaryimage\",\"inLanguage\":\"fi\",\"url\":\"https:\/\/jalkahoitolamerja.fi\/wp-content\/uploads\/2021\/09\/kuvasomepieni_6493-240x300.jpg\",\"contentUrl\":\"https:\/\/jalkahoitolamerja.fi\/wp-content\/uploads\/2021\/09\/kuvasomepieni_6493-240x300.jpg\"},{\"@type\":\"WebPage\",\"@id\":\"https:\/\/jalkahoitolamerja.fi\/index.php\/henkilokunta\/#webpage\",\"url\":\"https:\/\/jalkahoitolamerja.fi\/index.php\/henkilokunta\/\",\"name\":\"HENKIL\\u00d6KUNTA - Jalkahoitola Merja M&auml;enp&auml;&auml;\",\"isPartOf\":{\"@id\":\"https:\/\/jalkahoitolamerja.fi\/#website\"},\"primaryImageOfPage\":{\"@id\":\"https:\/\/jalkahoitolamerja.fi\/index.php\/henkilokunta\/#primaryimage\"},\"datePublished\":\"2021-09-28T18:00:13+00:00\",\"dateModified\":\"2022-05-12T06:04:21+00:00\",\"breadcrumb\":{\"@id\":\"https:\/\/jalkahoitolamerja.fi\/index.php\/henkilokunta\/#breadcrumb\"},\"inLanguage\":\"fi\",\"potentialAction\":[{\"@type\":\"ReadAction\",\"target\":[\"https:\/\/jalkahoitolamerja.fi\/index.php\/henkilokunta\/\"]}]},{\"@type\":\"BreadcrumbList\",\"@id\":\"https:\/\/jalkahoitolamerja.fi\/index.php\/henkilokunta\/#breadcrumb\",\"itemListElement\":[{\"@type\":\"ListItem\",\"position\":1,\"name\":\"Etusivu\",\"item\":\"https:\/\/jalkahoitolamerja.fi\/\"},{\"@type\":\"ListItem\",\"position\":2,\"name\":\"HENKIL\\u00d6KUNTA\"}]}]}<\/script>\n<!-- \/ Yoast SEO plugin. -->","yoast_head_json":{"title":"HENKIL\u00d6KUNTA - Jalkahoitola Merja M&auml;enp&auml;&auml;","robots":{"index":"index","follow":"follow","max-snippet":"max-snippet:-1","max-image-preview":"max-image-preview:large","max-video-preview":"max-video-preview:-1"},"canonical":"https:\/\/jalkahoitolamerja.fi\/index.php\/henkilokunta\/","og_locale":"fi_FI","og_type":"article","og_title":"HENKIL\u00d6KUNTA - Jalkahoitola Merja M&auml;enp&auml;&auml;","og_description":"Olen Merja M\u00e4enp\u00e4\u00e4, terveysalan ammattitutkinnon suorittanut jalkojenhoitaja (AT) ja l\u00e4hihoitaja koulutukseltani. Valviran alainen terveysalan ammattitutkinnon suorittanut jalkojenhoitaja hallitsee jalkojen iho- ja kynsisairauksien hoitoty\u00f6n, huomioon ottaen asiakkaan perussairaudet osana jalkojenhoito prosessia. Tarjoan yksil\u00f6llist\u00e4 jalkojenhoitoa, huomioiden aina asiakkaan perussairauden ja tarpeet. Lis\u00e4ksi teen jalkojen hierontaa ja virkist\u00e4vi\u00e4 hemmotteluhoitoja, jotka sopivat lahjaksi tai itsens\u00e4 hemmotteluun.","og_url":"https:\/\/jalkahoitolamerja.fi\/index.php\/henkilokunta\/","og_site_name":"Jalkahoitola Merja M&auml;enp&auml;&auml;","article_modified_time":"2022-05-12T06:04:21+00:00","og_image":[{"url":"https:\/\/jalkahoitolamerja.fi\/wp-content\/uploads\/2021\/09\/kuvasomepieni_6493-240x300.jpg"}],"twitter_card":"summary_large_image","twitter_misc":{"Arvioitu lukuaika":"1 minuutti"},"schema":{"@context":"https:\/\/schema.org","@graph":[{"@type":"WebSite","@id":"https:\/\/jalkahoitolamerja.fi\/#website","url":"https:\/\/jalkahoitolamerja.fi\/","name":"Jalkahoitola Merja M&auml;enp&auml;&auml;","description":"","potentialAction":[{"@type":"SearchAction","target":{"@type":"EntryPoint","urlTemplate":"https:\/\/jalkahoitolamerja.fi\/?s={search_term_string}"},"query-input":"required name=search_term_string"}],"inLanguage":"fi"},{"@type":"ImageObject","@id":"https:\/\/jalkahoitolamerja.fi\/index.php\/henkilokunta\/#primaryimage","inLanguage":"fi","url":"https:\/\/jalkahoitolamerja.fi\/wp-content\/uploads\/2021\/09\/kuvasomepieni_6493-240x300.jpg","contentUrl":"https:\/\/jalkahoitolamerja.fi\/wp-content\/uploads\/2021\/09\/kuvasomepieni_6493-240x300.jpg"},{"@type":"WebPage","@id":"https:\/\/jalkahoitolamerja.fi\/index.php\/henkilokunta\/#webpage","url":"https:\/\/jalkahoitolamerja.fi\/index.php\/henkilokunta\/","name":"HENKIL\u00d6KUNTA - Jalkahoitola Merja M&auml;enp&auml;&auml;","isPartOf":{"@id":"https:\/\/jalkahoitolamerja.fi\/#website"},"primaryImageOfPage":{"@id":"https:\/\/jalkahoitolamerja.fi\/index.php\/henkilokunta\/#primaryimage"},"datePublished":"2021-09-28T18:00:13+00:00","dateModified":"2022-05-12T06:04:21+00:00","breadcrumb":{"@id":"https:\/\/jalkahoitolamerja.fi\/index.php\/henkilokunta\/#breadcrumb"},"inLanguage":"fi","potentialAction":[{"@type":"ReadAction","target":["https:\/\/jalkahoitolamerja.fi\/index.php\/henkilokunta\/"]}]},{"@type":"BreadcrumbList","@id":"https:\/\/jalkahoitolamerja.fi\/index.php\/henkilokunta\/#breadcrumb","itemListElement":[{"@type":"ListItem","position":1,"name":"Etusivu","item":"https:\/\/jalkahoitolamerja.fi\/"},{"@type":"ListItem","position":2,"name":"HENKIL\u00d6KUNTA"}]}]}},"_links":{"self":[{"href":"https:\/\/jalkahoitolamerja.fi\/index.php\/wp-json\/wp\/v2\/pages\/168"}],"collection":[{"href":"https:\/\/jalkahoitolamerja.fi\/index.php\/wp-json\/wp\/v2\/pages"}],"about":[{"href":"https:\/\/jalkahoitolamerja.fi\/index.php\/wp-json\/wp\/v2\/types\/page"}],"author":[{"embeddable":true,"href":"https:\/\/jalkahoitolamerja.fi\/index.php\/wp-json\/wp\/v2\/users\/1"}],"replies":[{"embeddable":true,"href":"https:\/\/jalkahoitolamerja.fi\/index.php\/wp-json\/wp\/v2\/comments?post=168"}],"version-history":[{"count":5,"href":"https:\/\/jalkahoitolamerja.fi\/index.php\/wp-json\/wp\/v2\/pages\/168\/revisions"}],"predecessor-version":[{"id":254,"href":"https:\/\/jalkahoitolamerja.fi\/index.php\/wp-json\/wp\/v2\/pages\/168\/revisions\/254"}],"wp:attachment":[{"href":"https:\/\/jalkahoitolamerja.fi\/index.php\/wp-json\/wp\/v2\/media?parent=168"}],"curies":[{"name":"wp","href":"https:\/\/api.w.org\/{rel}","templated":true}]}}